ase 4
2
Convert 8 (base 13) to base 12.
8
Convert 13 (base 13) to base 8.
20
1 (base 14) to base 2
1
Convert -8 (base 13) to base 3.
-22
Convert 0 (base 2) to base 11.
0
-2 (base 7) to base 14
-2
What is -c (base 15) in base 16?
-c
What is -5 (base 6) in base 4?
-11
What is -222 (base 7) in base 10?
-114
-1111010 (base 2) to base 3
-11112
Convert -1030 (base 5) to base 16.
-8c
-3 (base 5) to base 4
-3
What is -405 (base 9) in base 16?
-149
11111101 (base 2) to base 16
fd
Convert 2 (base 6) to base 7.
2
Convert 21 (base 3) to base 6.
11
What is -11 (base 2) in base 11?
-3
What is 101010 (base 2) in base 13?
33
What is -34 (base 12) in base 4?
-220
-2000 (base 5) to base 12
-18a
1011 (base 2) to base 4
23
What is 4 (base 6) in base 7?
4
What is 118 (base 10) in base 5?
433
What is 244 (base 7) in base 6?
334
1 (base 14) to base 10
1
-134 (base 8) to base 10
-92
-3 (base 8) to base 6
-3
What is 156 (base 8) in base 5?
420
Convert 1011101 (base 2) to base 3.
10110
Convert 19 (base 10) to base 16.
13
1220 (base 3) to base 16
33
23 (base 6) to base 9
16
What is -160 (base 7) in base 9?
-111
What is -122 (base 4) in base 14?
-1c
-2 (base 3) to base 14
-2
Convert -9 (base 14) to base 3.
-100
Convert -36 (base 15) to base 8.
-63
11 (base 7) to base 11
8
-11 (base 2) to base 4
-3
1d (base 14) to base 8
33
17 (base 12) to base 15
14
-3 (base 4) to base 16
-3
Convert 8 (base 13) to base 4.
20
What is -100 (base 2) in base 10?
-4
Convert -4 (base 9) to base 8.
-4
Convert -1 (base 4) to base 2.
-1
What is 67 (base 15) in base 6?
241
Convert 10111100 (base 2) to base 13.
116
Convert -4 (base 8) to base 11.
-4
Convert 8 (base 10) to base 4.
20
What is 111 (base 7) in base 6?
133
441 (base 7) to base 3
22100
What is -24 (base 9) in base 4?
-112
What is -6 (base 14) in base 7?
-6
Convert -200 (base 3) to base 15.
-13
What is 5 (base 10) in base 5?
10
Convert -112 (base 3) to base 14.
-10
11021 (base 3) to base 15
7a
Convert 2 (base 5) to base 9.
2
What is -114 (base 6) in base 3?
-1201
What is 4 (base 13) in base 14?
4
What is -22 (base 16) in base 12?
-2a
Convert -a8 (base 14) to base 7.
-301
Convert -11 (base 6) to base 12.
-7
Convert 10 (base 4) to base 12.
4
What is 14 (base 8) in base 6?
20
Convert 14 (base 16) to base 3.
202
What is -91 (base 10) in base 11?
-83
What is -2 (base 3) in base 13?
-2
What is 4b (base 12) in base 6?
135
What is -221 (base 5) in base 6?
-141
What is -10001 (base 2) in base 11?
-16
-26 (base 16) to base 10
-38
-12 (base 9) to base 15
-b
-27 (base 11) to base 7
-41
23 (base 5) to base 12
11
What is 2c (base 14) in base 6?
104
-301 (base 5) to base 16
-4c
What is -100 (base 2) in base 15?
-4
3 (base 5) to base 4
3
What is -2 (base 3) in base 8?
-2
Convert 41 (base 13) to base 15.
38
-31 (base 4) to base 6
-21
-32 (base 14) to base 6
-112
What is 27 (base 9) in base 15?
1a
What is 5 (base 7) in base 3?
12
Convert 1c (base 16) to base 13.
22
7 (base 11) to base 7
10
-5 (base 16) to base 15
-5
Convert -81 (base 10) to base 12.
-69
Convert 1 (base 14) to base 7.
1
Convert -1 (base 7) to base 11.
-1
What is -30 (base 8) in base 2?
-11000
Convert -14 (base 16) to base 13.
-17
10 (base 7) to base 2
111
-12 (base 4) to base 13
-6
Convert -1 (base 5) to base 8.
-1
What is 230 (base 5) in base 8?
101
-5 (base 9) to base 16
-5
What is -8 (base 10) in base 4?
-20
What is -3 (base 11) in base 7?
-3
Convert 10 (base 3) to base 6.
3
What is -15a (base 11) in base 12?
-136
Convert -7 (base 9) to base 12.
-7
What is -1 (base 13) in base 15?
-1
What is 5 (base 8) in base 13?
5
-3a (base 14) to base 4
-310
-2 (base 16) to base 7
-2
Convert -15 (base 8) to base 16.
-d
-4 (base 16) to base 6
-4
What is -16 (base 11) in base 4?
-101
10 (base 2) to base 14
2
What is 13 (base 5) in base 3?
22
What is 16 (base 7) in base 12?
11
Convert 11 (base 2) to base 6.
3
93 (base 11) to base 14
74
0 (base 4) to base 16
0
What is 122 (base 9) in base 14?
73
Convert 67 (base 10) to base 6.
151
Convert -13 (base 6) to base 13.
-9
0 (base 7) to base 12
0
Convert -110 (base 6) to base 7.
-60
What is -2 (base 7) in base 9?
-2
What is -1 (base 10) in base 14?
-1
Convert 59 (base 15) to base 8.
124
125 (base 14) to base 11
199
5 (base 13) to base 5
10
What is -200 (base 3) in base 12?
-16
What is -111 (base 3) in base 15?
-d
2 (base 6) to base 9
2
-23 (base 5) to base 10
-13
20 (base 6) to base 4
30
Convert -2 (base 5) to base 15.
-2
What is -d (base 15) in base 14?
-d
Convert -5 (base 11) to base 16.
-5
Convert -4 (base 12) to base 15.
-4
208 (base 13) to base 10
346
Convert 2e (base 15) to base 3.
1122
What is 1000 (base 2) in base 12?
8
-2 (base 12) to base 10
-2
Convert 45 (base 14) to base 8.
75
-3 (base 8) to base 9
-3
Convert -30 (base 7) to base 12.
-19
Convert 1020 (base 4) to base 14.
52
1101111 (base 2) to base 10
111
What is -7 (base 9) in base 4?
-13
0 (base 15) to base 7
0
What is -12 (base 16) in base 9?
-20
77 (base 9) to base 8
106
-2 (base 6) to base 3
-2
What is 11 (base 6) in base 9?
7
17 (base 11) to base 13
15
-44 (base 5) to base 7
-33
-20 (base 4) to base 9
-8
What is -431 (base 7) in base 6?
-1002
-455 (base 6) to base 9
-218
Convert 3 (base 11) to base 7.
3
Convert 1000 (base 2) to base 4.
20
-20111 (base 3) to base 2
-10101111
Convert 1 (base 8) to base 6.
1
-2 (base 15) to base 10
-2
Convert 1 (base 3) to base 7.
1
331 (base 4) to base 7
115
Convert -3 (base 10) to base 4.
-3
Convert 12 (base 14) to base 5.
31
What is -5 (base 11) in base 8?
-5
What is -5 (base 6) in base 15?
-5
-1 (base 9) to base 10
-1
2 (base 14) to base 15
2
What is -1 (base 15) in base 14?
-1
11000100 (base 2) to base 14
100
Convert 43 (base 5) to base 14.
19
-6 (base 9) to base 14
-6
Convert -37 (base 12) to base 5.
-133
24 (base 8) to base 15
15
-5 (base 13) to base 6
-5
0 (base 10) to base 3
0
What is d (base 14) in base 10?
13
-e (base 15) to base 11
-13
Convert 10 (base 7) to base 14.
7
What is 31 (base 13) in base 11?
37
What is -2 (base 13) in base 8?
-2
What is -1 (base 16) in base 3?
-1
Convert 1012 (base 3) to base 9.
35
What is -100 (base 4) in base 13?
-13
71 (base 10) to base 12
5b
-2 (base 12) to base 2
-10
0 (base 16) to base 5
0
What is -53 (base 6) in base 13?
-27
-4 (base 12) to base 7
-4
-20 (base 3) to base 14
-6
What is -1 (base 8) in base 3?
-1
What is -9 (base 10) in base 15?
-9
Convert -174 (base 9) to base 8.
-224
Convert 2 (base 10) to base 11.
2
What is -4 (base 13) in base 6?
-4
What is 3 (base 12) in base 8?
3
Convert -2202 (base 4) to base 7.
-321
Convert -4 (base 8) to base 6.
-4
Convert -66 (base 12) to base 3.
-2220
Convert 344 (base 5) to base 7.
201
What is 44 (base 10) in base 15?
2e
Convert -2 (base 14) to base 6.
-2
What is 10 (base 4) in base 16?
4
35 (base 15) to base 3
1212
What is 273 (base 8) in base 15?
c7
-1 (base 2) to base 11
-1
What is -11110 (base 2) in base 11?
-28
-1 (base 15) to base 12
-1
Convert 11021 (base 3) to base 16.
73
Convert 8 (base 15) to base 13.
8
Convert -1b (base 13) to base 3.
-220
-62 (base 7) to base 8
-54
-c (base 13) to base 15
-c
Convert -4 (base 16) to base 9.
-4
Convert -23 (base 6) to base 9.
-16
What is 10 (base 3) in base 8?
3
What is 5 (base 9) in base 5?
10
Convert 29 (base 15) to base 2.
100111
What is 3 (base 5) in base 14?
3
What is -3 (base 13) in base 4?
-3
-1100 (base 2) to base 11
-11
Convert 4 (base 7) to base 13.
4
Convert 0 (base 2) to base 13.
0
2 (base 14) to base 15
2
What is 1111 (base 2) in base 14?
11
Convert -17 (base 10) to base 7.
-23
What is 71 (base 8) in base 16?
39
Convert -44 (base 9) to base 4.
-220
-1031 (base 5) to base 14
-a1
-10 (base 4) to base 15
-4
Convert 201 (base 8) to base 14.
93
Convert 24 (base 15) to base 6.
54
Convert 2 (base 8) to base 2.
10
Convert 20 (base 12) to base 6.
40
What is 11 (base 6) in base 5?
12
0 (base 12) to base 10
0
What is -110 (base 3) in base 4?
-30
-9 (base 16) to base 12
-9
What is -3 (base 10) in base 6?
-3
Convert 0 (base 6) to base 9.
0
2011 (base 3) to base 5
213
2 (base 6) to base 13
2
What is 30 (base 13) in base 2?
100111
Convert 10 (base 3) to base 7.
3
-10220 (base 3) to base 11
-96
Convert -116 (base 8) to base 9.
-86
21 (base 7) to base 3
120
Convert 44 (base 15) to base 13.
4c
What is -30 (base 8) in base 11?
-22
Wha